tor of 1756804 and 84?
28
Calculate the highest common factor of 9583 and 35.
7
What is the highest common factor of 12565 and 280?
35
Calculate the greatest common divisor of 7595 and 2821.
217
What is the highest common divisor of 12 and 168628?
4
Calculate the highest common divisor of 27 and 2399.
1
Calculate the greatest common factor of 2001780 and 5049.
297
What is the greatest common factor of 942468 and 12?
12
Calculate the highest common divisor of 12 and 116457.
3
What is the greatest common factor of 288684 and 3402?
486
Calculate the greatest common divisor of 870 and 6438.
174
Calculate the highest common divisor of 177 and 5369.
59
Calculate the highest common divisor of 19 and 248805.
19
What is the highest common factor of 2632 and 129344?
376
What is the highest common factor of 134784 and 972?
324
What is the greatest common factor of 4550 and 28350?
350
What is the greatest common divisor of 450 and 470475?
225
Calculate the highest common factor of 150236 and 710.
142
What is the highest common factor of 55548 and 24?
12
What is the highest common divisor of 2086430 and 148?
74
Calculate the greatest common divisor of 36948 and 366.
6
Calculate the greatest common factor of 2365 and 2585.
55
What is the highest common divisor of 9669 and 627?
33
What is the greatest common factor of 112625 and 100?
25
What is the greatest common divisor of 172249 and 66?
11
What is the highest common factor of 116 and 1769?
29
Calculate the highest common factor of 20 and 8490.
10
What is the highest common divisor of 169187 and 1468?
367
Calculate the greatest common divisor of 1335 and 64347.
267
Calculate the highest common divisor of 28 and 2732.
4
Calculate the greatest common divisor of 3255 and 2835.
105
Calculate the highest common divisor of 51 and 3705864.
51
Calculate the greatest common divisor of 107786 and 28.
14
Calculate the greatest common factor of 156780 and 85410.
1170
Calculate the highest common factor of 888728 and 2.
2
Calculate the greatest common divisor of 3420 and 16340.
380
What is the greatest common factor of 1454056 and 16?
8
Calculate the highest common factor of 61346 and 9472.
74
Calculate the highest common factor of 71853 and 9417.
129
What is the greatest common factor of 48 and 6437592?
24
Calculate the highest common factor of 13746 and 1264.
158
What is the highest common factor of 1443309 and 21?
21
Calculate the highest common divisor of 42 and 750309.
21
What is the greatest common factor of 575206 and 57?
19
Calculate the highest common factor of 77940 and 180.
180
What is the greatest common factor of 631479 and 37?
37
What is the greatest common factor of 178 and 2?
2
What is the greatest common divisor of 267 and 5919?
3
Calculate the greatest common divisor of 72400 and 125.
25
What is the greatest common factor of 122796 and 264?
12
What is the greatest common factor of 10067582 and 1267?
1267
Calculate the highest common divisor of 753 and 1265542.
251
What is the highest common factor of 83 and 99434?
83
Calculate the highest common divisor of 120945 and 209.
11
What is the highest common divisor of 857528 and 112?
56
What is the highest common divisor of 687 and 720663?
687
What is the greatest common factor of 100 and 457550?
50
Calculate the highest common factor of 166649 and 19.
19
Calculate the greatest common factor of 53 and 83263.
53
What is the highest common factor of 2871 and 16104?
33
Calculate the highest common divisor of 377936 and 3588.
1196
What is the highest common divisor of 890 and 76240?
10
What is the highest common factor of 300 and 24240?
60
What is the greatest common divisor of 21 and 715?
1
What is the highest common factor of 92160 and 608?
32
What is the greatest common factor of 280575 and 1161?
387
Calculate the highest common divisor of 140148 and 18666.
306
What is the highest common factor of 34633 and 27589?
587
What is the greatest common factor of 371925 and 174?
87
Calculate the greatest common divisor of 181 and 192765.
181
Calculate the greatest common factor of 163008 and 512.
64
Calculate the greatest common factor of 1281 and 26796.
21
Calculate the greatest common factor of 7164 and 54526.
398
What is the greatest common divisor of 1080 and 635256?
216
What is the highest common factor of 4488 and 16524?
204
Calculate the highest common divisor of 16528 and 944.
16
Calculate the greatest common divisor of 404663 and 7.
7
Calculate the highest common factor of 532 and 12844.
76
What is the greatest common divisor of 875 and 12425?
175
Calculate the greatest common divisor of 2260 and 22200.
20
What is the highest common divisor of 9989 and 14?
7
What is the highest common factor of 454 and 40179?
227
What is the greatest common divisor of 538 and 20?
2
Calculate the highest common factor of 950 and 411920.
190
What is the highest common divisor of 27469 and 39?
13
Calculate the highest common divisor of 5170833 and 227.
227
Calculate the greatest common factor of 12 and 469620.
12
Calculate the highest common divisor of 10373 and 5412.
451
What is the greatest common divisor of 218 and 78262?
218
What is the highest common factor of 589480 and 140?
20
What is the greatest common divisor of 420 and 39914?
14
What is the greatest common divisor of 63878 and 57?
19
Calculate the greatest common divisor of 8757 and 1512.
63
What is the highest common divisor of 21708 and 13668?
804
Calculate the greatest common factor of 216172 and 132.
44
Calculate the greatest common divisor of 1113 and 47250.
21
Calculate the greatest common factor of 1219 and 117001.
23
Calculate the greatest common factor of 6948 and 2367.
9
What is the highest common divisor of 211 and 159094?
211
Calculate the greatest common factor of 10836 and 56.
28
What is the greatest common factor of 978 and 13380996?
978
What is the greatest common factor of 29497 and 351?
13
Calculate the highest common factor of 9513 and 9891.
63
Calculate the highest common factor of 5022 and 3534.
186
What is the greatest common divisor of 235190 and 120?
10
Calculate the greatest common factor of 4465 and 15745.
235
Calculate the highest common factor of 22446 and 1161.
387
What is the greatest common divisor of 199845 and 15?
15
Calculate the highest common factor of 210996 and 135.
9
What is the highest common factor of 20763 and 91511?
769
Calculate the highest common factor of 99 and 18063.
9
What is the greatest common factor of 336 and 49602?
42
Calculate the greatest common divisor of 6120 and 18054.
306
What is the highest common factor of 1338 and 1290?
6
Calculate the greatest common factor of 24 and 668940.
12
Calculate the highest common divisor of 87 and 39063.
87
What is the greatest common divisor of 12 and 2380?
4
Calculate the greatest common factor of 128 and 2347648.
128
What is the highest common factor of 11687 and 589?
31
What is the highest common factor of 28336 and 385?
77
What is the greatest common factor of 15 and 9921?
3
What is the highest common divisor of 36 and 39252?
12
What is the highest common factor of 290385 and 2385?
45
What is the greatest common divisor of 471 and 97183?
157
Calculate the highest common factor of 2808 and 33618.
78
What is the highest common divisor of 15 and 5135145?
15
What is the greatest common divisor of 5720 and 963560?
520
What is the highest common divisor of 4581 and 36?
9
What is the highest common divisor of 309 and 5337666?
309
Calculate the highest common factor of 40000 and 320.
320
What is the greatest common factor of 1050 and 3318?
42
Calculate the greatest common factor of 155125 and 39712.
1241
Calculate the highest common divisor of 132 and 228866.
22
What is the highest common factor of 70737 and 204?
51
Calculate the highest common factor of 2541 and 1596.
21
What is the greatest common factor of 382 and 60929?
191
Calculate the greatest common divisor of 2308911 and 33.
33
Calculate the highest common factor of 1480 and 2465384.
296
Calculate the greatest common factor of 176 and 119372.
44
What is the greatest common divisor of 42 and 42?
42
Calculate the highest common factor of 147440 and 5432.
776
What is the greatest common factor of 697957 and 106?
53
Calculate the greatest common divisor of 8092 and 14.
